ivide 256491?
True
Does 38 divide 16363978?
True
Does 77 divide 477029?
False
Is 18 a factor of 1319360?
False
Does 163 divide 5243?
False
Is 172854 a multiple of 33?
True
Is 48 a factor of 4984704?
True
Is 5213450 a multiple of 275?
True
Is 175218 a multiple of 240?
False
Does 1072 divide 1310862?
False
Does 14 divide 442092?
True
Does 145 divide 318130?
True
Does 167 divide 4452333?
False
Does 35 divide 1161128?
False
Is 21477540 a multiple of 60?
True
Is 28 a factor of 43463?
False
Is 5 a factor of 61005?
True
Is 49 a factor of 346381?
True
Is 17 a factor of 5583191?
True
Is 29 a factor of 678484?
True
Is 100 a factor of 47500?
True
Is 23400 a multiple of 156?
True
Is 1363684 a multiple of 43?
False
Does 178 divide 4774494?
True
Does 21 divide 1043889?
True
Does 452 divide 98988?
True
Does 56 divide 111553?
False
Is 19 a factor of 3387643?
True
Is 28 a factor of 2184616?
True
Is 301440 a multiple of 258?
False
Is 469512 a multiple of 13?
False
Does 51 divide 737052?
True
Does 983 divide 1205158?
True
Does 469 divide 999122?
False
Is 26 a factor of 20358?
True
Is 11 a factor of 584760?
True
Is 90350 a multiple of 13?
True
Does 31 divide 86613?
False
Does 3 divide 30309?
True
Is 499940 a multiple of 10?
True
Does 111 divide 1916995?
False
Is 20 a factor of 1498560?
True
Is 138 a factor of 10404437?
False
Is 280060 a multiple of 190?
True
Is 1310 a factor of 7742189?
False
Is 32 a factor of 570987?
False
Is 67 a factor of 6424193?
False
Does 84 divide 177506?
False
Does 512 divide 952320?
True
Does 184 divide 1333632?
True
Is 25 a factor of 54074?
False
Is 8791081 a multiple of 70?
False
Is 26 a factor of 27144?
True
Does 162 divide 320236?
False
Is 321629 a multiple of 7?
True
Is 647435 a multiple of 20?
False
Does 434 divide 7245278?
False
Is 376142 a multiple of 46?
True
Does 78 divide 21242832?
True
Is 130 a factor of 21580?
True
Is 24165 a multiple of 24?
False
Does 141 divide 48656?
False
Is 6 a factor of 1439388?
True
Does 153 divide 6724944?
False
Is 441090 a multiple of 390?
True
Is 15 a factor of 1325175?
True
Does 44 divide 1534293?
False
Does 410 divide 222201?
False
Does 11 divide 78012?
True
Does 259 divide 532193?
False
Is 6220192 a multiple of 352?
True
Is 2726015 a multiple of 180?
False
Does 55 divide 7432315?
True
Is 236898 a multiple of 27?
True
Is 114 a factor of 2734279?
False
Does 26 divide 25951?
False
Is 342 a factor of 779096?
False
Is 4047375 a multiple of 1075?
True
Is 1567512 a multiple of 324?
True
Does 67 divide 180833?
True
Is 28223 a multiple of 13?
True
Does 9 divide 492372?
True
Is 13 a factor of 3284998?
False
Does 5 divide 274201?
False
Is 1737 a factor of 30645891?
True
Is 33 a factor of 89727?
True
Does 11 divide 842127?
True
Does 55 divide 277454?
False
Is 1069380 a multiple of 90?
True
Is 45 a factor of 49185?
True
Does 128 divide 3936896?
True
Does 352 divide 517403?
False
Is 630 a factor of 256410?
True
Is 98883 a multiple of 74?
False
Is 128 a factor of 2454784?
True
Is 808 a factor of 2405494?
False
Does 12 divide 140592?
True
Is 20560 a multiple of 16?
True
Is 103294 a multiple of 177?
False
Is 359 a factor of 369942?
False
Does 42 divide 3684114?
True
Is 54 a factor of 81756?
True
Is 34 a factor of 9592034?
False
Is 372740 a multiple of 9?
False
Is 2950453 a multiple of 1389?
False
Does 431 divide 5243115?
True
Does 2 divide 678901?
False
Is 404495 a multiple of 418?
False
Is 91 a factor of 122012?
False
Does 19 divide 34859?
False
Is 12 a factor of 823380?
True
Does 13 divide 132366?
True
Is 2219406 a multiple of 7?
True
Does 5 divide 4428570?
True
Is 76 a factor of 306736?
True
Is 2159914 a multiple of 20?
False
Does 37 divide 111481?
True
Is 193 a factor of 125907?
False
Is 15504 a multiple of 6?
True
Is 14 a factor of 1279292?
True
Is 8 a factor of 52494?
False
Does 140 divide 331660?
True
Does 596 divide 3216379?
False
Is 1377 a factor of 15094674?
True
Is 68 a factor of 195495?
False
Is 332288 a multiple of 64?
True
Does 31 divide 4019561?
False
Does 53 divide 152640?
True
Is 265790 a multiple of 22?
False
Does 136 divide 2746764?
False
Is 9607332 a multiple of 21?
True
Is 514 a factor of 2742324?
False
Is 25 a factor of 281446?
False
Does 5 divide 2535425?
True
Does 41 divide 27028?
False
Does 65 divide 541840?
True
Does 483 divide 9102135?
True
Does 10 divide 99881?
False
Is 110325 a multiple of 25?
True
Does 16 divide 389222?
False
Does 69 divide 405168?
True
Does 15 divide 977655?
True
Is 810579 a multiple of 121?
True
Is 88 a factor of 406296?
True
Is 1397601 a multiple of 525?
False
Is 125 a factor of 3585250?
True
Is 4660132 a multiple of 155?
False
Is 11 a factor of 13320868?
True
Is 126269 a multiple of 24?
False
Is 150626 a multiple of 24?
False
Is 9 a factor of 28053?
True
Is 648 a factor of 1394619?
False
Does 333 divide 5047947?
True
Is 53679 even?
False
Is 28319968 a multiple of 62?
False
Is 73 a factor of 700800?
True
Is 4452558 a multiple of 726?
True
Is 2 a factor of 11268?
True
Does 533 divide 3267290?
True
Is 2044544 a multiple of 116?
False
Does 1764 divide 7844463?
False
Does 15 divide 16320?
True
Does 1573 divide 6830196?
False
Is 11 a factor of 2207347?
False
Is 65 a factor of 636824?
False
Is 78750 a multiple of 225?
True
Is 518 a factor of 508687?
False
Does 960 divide 243674?
False
Does 44 divide 31157?
False
Is 719 a factor of 1225205?
False
Is 1903 a factor of 19022388?
True
Is 80 a factor of 224747?
False
Is 88467 a multiple of 111?
True
Is 170568 a multiple of 140?
False
Does 25 divide 1680850?
True
Is 153786 a multiple of 6?
True
Is 41 a factor of 646614?
False
Does 8 divide 32144?
True
Is 1156153 a multiple of 939?
False
Is 45 a factor of 190350?
True
Is 557739 a multiple of 227?
True
Is 118 a factor of 688279?
False
Is 3952480 a multiple of 280?
True
Does 3 divide 167182?
False
Is 8 a factor of 2180189?
False
Is 7549466 a multiple of 24?
False
Is 104 a factor of 10146705?
False
Does 22 divide 10019350?
True
Does 326 divide 8553660?
False
Does 76 divide 2409015?
False
Does 34 divide 441513?
False
Is 76 a factor of 1219496?
True
Is 58770 a multiple of 10?
True
Is 121 a factor of 140239?
True
Does 25 divide 56925?
True
Is 41 a factor of 33204507?
False
Is 81040 a multiple of 4?
True
Is 12 a factor of 554405?
False
Is 136584 a multiple of 186?
False
Is 3 a factor of 223617?
True
Is 67196 a multiple of 524?
False
Does 103 divide 2491879?
True
Is 451 a factor of 266541?
True
Does 585 divide 6634588?
False
Does 14 divide 165664?
False
Is 229972 a multiple of 11?
False
Is 313896 a multiple of 451?
True
Is 31434 a multiple of 31?
True
Does 42 divide 262760?
False
Does 1914 divide 8427342?
True
Does 5 divide 237175?
True
Is 174012 a multiple of 18?
False
Is 46 a factor of 1994282?
False
Does 206 divide 6839200?
True
Is 294 a factor of 175687?
False
Is 40 a factor of 847520?
True
Does 269 divide 332651?
False
Is 375702 a multiple of 307?
False
Is 13 a factor of 42094?
True
Does 63 divide 367038?
True
Does 66 divide 63144?
False
Is 281562 a multiple of 506?
False
Does 370 divide 1277240?
True
Is 145 a factor of 229535?
True
Does 22 divide 290334?
True
Is 256 a factor of 4926464?
True
Is 426578 a multiple of 152?
False
Is 284160 a multiple of 148?
True
Is 37 a factor of 1768341?
True
Is 1105 a multiple of 14?
False
Does 24 divide 232133?
False
Is 269609 a multiple of 540?
False
Is 4 a factor of 50544?
True
Does 218 divide 3055369?
False
Is 13250 a multiple of 53?
True
Is 926 a factor of 30453362?
True
Is 100230 a multiple of 39?
True
Does 161 divide 196517?
False
Is 2 a factor of 64800?
True
Is 50 a factor of 244281?
False
Is 26735 a multiple of 87?
False
Is 10 a factor of 2573930?
True
Is 996921 a multiple of 3?
True
Does 546 divide 6603324?
True
Is 5 a factor of 229664?
False
Is 81 a factor of 309932?
False
Is 10 a factor of 1711270?
True
Is 619 a factor of 835209?
False
Does 122 divide 166888?
False
Is 25 a factor of 15672894?
False
Is 202477 a multiple of 364?
False
Does 2 divide 49776?
True
Does 877 divide 1023459?
True
Is 90 a factor of 3050225?
False
Does 13 divide 281424?
True
Is 53 a factor of 399432?
False
Does 104 divide 70928?
True
Does 12 divide 495776?
False
Does 132 divide 2527150?
False
Does 18 divide 12873006?
True
Does 41 divide 101393?
True
Does 11